 411 - -1617?
2230
In base 8, what is 2434 - 407?
2025
In base 15, what is cd58 + 11?
cd69
In base 2, what is 10111001100 - -1101?
10111011001
In base 13, what is 6404 + -7?
63ca
In base 12, what is 1a95 - -702?
2597
In base 7, what is 12420433 + 1?
12420434
In base 7, what is 4 + -55414?
-55410
In base 13, what is 10 - -971?
981
In base 2, what is -10000 - 1001100010110100?
-1001100011000100
In base 4, what is 111 - -222033?
222210
In base 5, what is -1132 - 121?
-1303
In base 10, what is -401 - -11?
-390
In base 5, what is 40 + 1034012?
1034102
In base 12, what is 4 - -46166?
4616a
In base 8, what is 1073136 + 3?
1073141
In base 5, what is 14440040 + -1?
14440034
In base 14, what is -4 - -cc2?
cbc
In base 12, what is 4 - b399?
-b395
In base 5, what is 13011423 - 21?
13011402
In base 9, what is 3665 - 11?
3654
In base 5, what is -24004240 - 0?
-24004240
In base 16, what is 18 - -73a1?
73b9
In base 5, what is -1 - 11101002?
-11101003
In base 14, what is -d4bc + -3?
-d4c1
In base 16, what is 48f1b + 0?
48f1b
In base 14, what is 6946 + -13?
6933
In base 2, what is 10010010010011 - -1001110?
10010011100001
In base 8, what is -5 + 226677?
226672
In base 11, what is -54434 + -a?
-54443
In base 14, what is 5 + 180c6?
180cb
In base 7, what is 0 - 213425?
-213425
In base 15, what is 9e2a - 2?
9e28
In base 12, what is 1a3 + 94?
277
In base 15, what is -11b05 + -6?
-11b0b
In base 13, what is -74 - -2c?
-45
In base 11, what is 113 + -861?
-749
In base 12, what is 1b5b4 - 1?
1b5b3
In base 7, what is -465 - 203?
-1001
In base 9, what is 155743 + -12?
155731
In base 14, what is 7 - 954a?
-9543
In base 6, what is 40045135 - 3?
40045132
In base 13, what is -14bb + 3?
-14b8
In base 15, what is -2b + -1b7?
-1e3
In base 7, what is 16031343 - 4?
16031336
In base 12, what is 1 - a6023?
-a6022
In base 8, what is -113150 + 3?
-113145
In base 8, what is 44527 - 0?
44527
In base 5, what is 10 + -2402311?
-2402301
In base 7, what is -1004232 + 5?
-1004224
In base 15, what is -5d042b - 5?
-5d0431
In base 6, what is 31 + 1031105?
1031140
In base 15, what is -58184 - 2?
-58186
In base 3, what is 11222200112 - -212?
11222201101
In base 9, what is -5015 - 12?
-5027
In base 15, what is 36 + -6094?
-605d
In base 8, what is -733375 + 5?
-733370
In base 7, what is -3566126 - 1?
-3566130
In base 16, what is -aadb + -2?
-aadd
In base 11, what is 6205 - 1?
6204
In base 14, what is 17 - 10972?
-10959
In base 4, what is -32 - -1002110012?
1002103320
In base 11, what is a35 + 3?
a38
In base 11, what is 96 + 8aa?
995
In base 10, what is -3 + -18341?
-18344
In base 6, what is -1 + 32320454?
32320453
In base 15, what is 1cd + 17a?
358
In base 11, what is 909 + -1?
908
In base 13, what is -22 - -576?
554
In base 15, what is 85 + -167c?
-15e7
In base 14, what is -67d3 - -b1?
-6722
In base 6, what is -554201 + -14?
-554215
In base 5, what is -3 + 1222311?
1222303
In base 3, what is 121220 - -102?
122022
In base 14, what is 2a8b52 + -4?
2a8b4c
In base 10, what is -5 + -94036?
-94041
In base 7, what is -441 - 35111?
-35552
In base 7, what is -113213 + 0?
-113213
In base 2, what is 1 - -1011100101010011111?
1011100101010100000
In base 12, what is -227 - -54a?
323
In base 14, what is -487 - -16?
-471
In base 12, what is -1308 - 40?
-1348
In base 5, what is 100041042 + -3?
100041034
In base 8, what is 3263 + -61?
3202
In base 6, what is -235534405 + -5?
-235534414
In base 3, what is 111121111212 + 12?
111121112001
In base 5, what is 1220 - 1342424?
-1341204
In base 13, what is -3 + -50450?
-50453
In base 5, what is 10010 - 4003?
1002
In base 3, what is -111121 - 22211?
-211102
In base 15, what is 2b338 + 5?
2b33d
In base 3, what is -2 - -2002001?
2001222
In base 7, what is 0 - -46401?
46401
In base 9, what is -5552 + -54?
-5616
In base 7, what is -103 + -60206?
-60312
In base 15, what is -2043b + 3?
-20438
In base 9, what is -72884 - 3?
-72887
In base 3, what is -210022222122 + -1?
-210022222200
In base 6, what is 0 - -114251?
114251
In base 7, what is -6160 + 12?
-6145
In base 5, what is -33211 - 442?
-34203
In base 2, what is -100 + 11001110010111010?
11001110010110110
In base 4, what is 13311 + 11?
13322
In base 4, what is -20133 + 323?
-13210
In base 5, what is 33300023 + -11?
33300012
In base 4, what is 110213 + -11?
110202
In base 6, what is 231 - 435?
-204
In base 7, what is -551 + -12035?
-12616
In base 13, what is 521a2 + -1?
521a1
In base 15, what is -684 - 5?
-689
In base 12, what is 12a7a9 - -2?
12a7ab
In base 14, what is 2 - -11a8c?
11a90
In base 15, what is -3e + -14c1?
-1510
In base 15, what is d + e84c?
e85a
In base 15, what is b29e + 10?
b2ae
In base 12, what is 33 + -10774?
-10741
In base 13, what is 5 + 58b53?
58b58
In base 2, what is -101000110011 - 111001?
-101001101100
In base 8, what is 30275 - 115?
30160
In base 10, what is -1500 - -3?
-1497
In base 9, what is -71 + -21358?
-21440
In base 9, what is 1177 + -3267?
-2080
In base 12, what is 311 + -8b?
242
In base 9, what is -56 + -356?
-423
In base 14, what is 3 - -11537?
1153a
In base 7, what is -313222 - 5?
-313230
In base 13, what is -37229 + 3?
-37226
In base 4, what is -1000 + -20202?
-21202
In base 9, what is -3626 + -62?
-3688
In base 6, what is 22543 - -344?
23331
In base 7, what is 63 + -10432?
-10336
In base 15, what is 3b3d8 + 11?
3b3e9
In base 15, what is 116e0b - -5?
116e11
In base 8, what is -25 + -4521?
-4546
In base 5, what is 23323 - 3?
23320
In base 3, what is -10200 + -201202?
-212102
In base 14, what is -2 - -81b65?
81b63
In base 10, what is -44932 - -3?
-44929
In base 2, what is 11010000 + -11010101010?
-10111011010
In base 9, what is -2184174 - 2?
-2184176
In base 6, what is -2042 - -52?
-1550
In base 9, what is 144 + 6277?
6432
In base 7, what is 2303 + 1043?
3346
In base 6, what is 20 - 220?
-200
In base 12, what is -883 - 180?
-a43
In base 14, what is 498 + -30d?
189
In base 4, what is -33001213 + 0?
-33001213
In base 6, what is 4 - 1222155?
-1222151
In base 8, what is -2076 + -5?
-2103
In base 3, what is -1021 + -122100211?
-122102002
In base 2, what is -100100100001 + -1100100?
-100110000101
In base 5, what is -1111002130 + 4?
-1111002121
In base 8, what is -10673 - -272?
-10401
In base 9, what is 803 - 22?
771
In base 7, what is -33634 + 3?
-33631
In base 13, what is -267 - 20?
-287
In base 16, what is -64 + -2fe?
-362
In base 13, what is -3 - 780b?
-7811
In base 3, what is 2011121001 - -112?
2011121120
In base 16, what is -a - 16219?
-16223
In base 13, what is 1b - -c1c?
c3a
In base 4, what is 112 - 12312?
-12200
In base 11, what is 1029 - 82?
a57
In base 14, what is 71b - 445?
2b6
In base 15, what is -d82b - 9?
-d835
In base 5, what is 20 - -2342114?
2342134
In base 4, what is -100013 - -202301?
102222
In base 11, what is -3 + -15426?
-15429
In base 15, what is 0 + 599e?
599e
In base 8, what is 62 - 172173?
-172111
In base 12, what is -309 - 230?
-539
In base 11, what is 2199 + -359?
1940
In base 16, what is -650 + 91?
-5bf
In base 16, what is 3 - ca71e?
-ca71b
In base 12, what is -7 + 1211?
1206
In base 13, what is -1b14 + -1a?
-1b31
In base 8, what is 25020 - 3?
25015
In base 3, what is -2 + -120101212211?
-120101212220
In base 11, what is 107180 + 2?
107182
In base 9, what is 513265 + 2?
513267
In base 3, what is -210122010 + -10?
-210122020
In base 6, what is 55433 - -1414?
101251
In base 14, what is 3 + 9599?
959c
In base 2, what is 10010111000011010001 - 11?
10010111000011001110
In base 9, what is 3 + -66571?
-66567
In base 9, what is 2 - -11362?
11364
In base 13, what is -4 + 212a2?
2129b
In base 5, what is 1230013 + 13?
1230031
In base 5, what is -4011234311 - 3?
-4011234314
In base 4, what is -1102200 - 110?
-1102310
In base 7, what is -420041 + -3?
-420044
In base 16, what is -6d + 305?
298
In base 9, what is 320 + -567?
-247
In base 11, what is 475a4 + 11?
47605
In base 12, what is 661 - -8a?
72b
In base 11, what is -471 + 12?
-45a
In base 11, what is -2a20 + 8?
-2a13
In base 8, what is 4524 - 24?
4500
In base 8, what is -102 - -640?
536
In base 13, what is 416 + -1986?
-1570
In base 15, what is 1c - 222b?
-220e
In base 11, what is -42 + 36159?
36117
In base 9, what is -17 - -34741?
34723
In base 14, what is 30b34 + 16?
30b4a
In base 12, what is 3 - -9a414?
9a417
In base 9, wha